t y = 48 + 42. Let j = y + 43. Suppose -2*f + j = 5*f. What is the remainder when 92 is divided by f?
16
Let l(w) = w - 14*w + 8*w + 6*w + 1. Let f be l(0). Let a(c) = 34*c**2 - c. Calculate the remainder when a(f) is divided by 18.
15
Let h = -74 + 76. Suppose -h*u + t + 3*t = -52, -78 = -3*u - 2*t. What is the remainder when u is divided by 7?
5
Suppose 42*i = 41*i, -2*h = -i - 658. Calculate the remainder when h is divided by 4.
1
Let i = 46 + -243. Let y = -123 - i. Suppose 9 = 2*w - 29. Calculate the remainder when y is divided by w.
17
Let j = 245 + -141. Let k = j - 59. Calculate the remainder when k is divided by 24.
21
Let o = -9 + 16. Let p(g) = -8*g + 12. Let h be p(-7). Let v = h + -50. What is the remainder when v is divided by o?
4
Let d(w) = -34*w - 132. Calculate the remainder when d(-8) is divided by 70.
0
What is the remainder when 9909/13 - (-444)/(-1924) is divided by 109?
108
Let r = 17 - 10. Suppose -7*f - 12 = -3*f, 2*y = f + 49. Suppose 0 = 2*n - 3*m - 36 - y, 3*n - 111 = -3*m. What is the remainder when n is divided by r?
6
Let m be 2/(-6) + (-273)/(-63). Suppose -g + m*h = -11, -22 = -2*g + 3*h - 2*h. Calculate the remainder when g is divided by 8.
3
Let n = -11 + 11. Suppose r + 4*r - x = 26, 5*r + 4*x - 46 = n. Suppose -3*j = -r*j + 54. Calculate the remainder when 87 is divided by j.
15
What is the remainder when (-3)/((-60)/(-65) - 1) is divided by 86/6 + (-1)/3?
11
Let b(z) = -z**2 + 8*z - 9. Let c be b(7). Let u be c/(2/(-6) - -1). Let a = u + 16. What is the remainder when a is divided by 8?
5
Let u = 127 + -49. Suppose -4*r + 64 = -5*s, 0*s - 4*s + 32 = 2*r. Calculate the remainder when u is divided by r.
14
Suppose g - 10 = 6. Calculate the remainder when g is divided by 6.
4
Let s = -1 - 18. Let g = 1 - s. What is the remainder when 58 is divided by g?
18
Suppose 62*h = 67*h - 1085. What is the remainder when h is divided by 20?
17
Suppose -3 = -3*j + 3. Suppose 0*k + j*q = -4*k + 18, 0 = k + 5*q + 9. Suppose -f - n - 93 = -k*f, n + 57 = 3*f. Calculate the remainder when f is divided by 7.
4
Let l be 7/(-2) - (4 + 9/(-2)). Let k(b) = 2*b**2 + 7*b + 13. Calculate the remainder when 29 is divided by k(l).
9
Suppose o + j - 15 = 0, 80*j + 61 = 4*o + 85*j. Calculate the remainder when 485 is divided by o.
9
Calculate the remainder when 55 is divided by ((-1054)/51)/(-1) - (-5)/(-3).
17
Suppose 12*g - 17*g = -615. Calculate the remainder when g is divided by 5.
3
Suppose 3*x + 9 = 0, -3*w + 2*x = 3*x - 183. Let u = 1725 - 1704. Calculate the remainder when w is divided by u.
20
Let k(a) = -9*a + 5. Let p be (-21)/(-6) + 2/4. Let m(s) = -8*s + 6. Let f(d) = p*k(d) - 5*m(d). Calculate the remainder when 16 is divided by f(4).
4
Let x(v) = -v**3 - 4*v**2 - 2*v + 3. Let j be x(-3). Suppose -2*h - 3*r + 267 = 0, 3*h - 6*r + 2*r - 426 = j. Calculate the remainder when h is divided by 28.
26
Let v(q) = -31*q**2 + 2*q - 1. Let n be v(-2). Let z(u) = 131*u - 899. Let b be z(7). What is the remainder when 30 is divided by (-3)/b + n/(-18)?
2
Suppose 2*o - 5*s = 4*o - 171, 0 = 5*o + 4*s - 402. Calculate the remainder when o is divided by 32.
14
Suppose -4*m = 5*q + 208, -3*m - 95 + 9 = 2*q. Let w = 46 + q. Calculate the remainder when 16 is divided by w.
4
Suppose -g + 6*g = 5*v - 2075, 3*g = -v + 407. What is the remainder when v is divided by 23?
22
Suppose 30*o + 850 = 7330. Calculate the remainder when o is divided by 59.
39
Let b = -12 + -6. Let y = 28 + b. Calculate the remainder when (-4)/6 - (-750)/18 - 4 is divided by y.
7
Suppose 83 = 9*o - 7. What is the remainder when 218 is divided by o?
8
Let h be (-2 - (-16)/4) + -186. Let p be 99/27*(h - 2). What is the remainder when 6/(-4)*p/33 is divided by 11?
9
Let m = 593 - 452. What is the remainder when m is divided by 48?
45
Let q(r) be the first derivative of -r**2/2 - 16*r - 5. Let h be q(0). Let f = 24 + h. Calculate the remainder when 14 is divided by f.
6
Let y = -20 + 6. Let w = y - -16. What is the remainder when 17 is divided by w?
1
Suppose -4 = -3*z + 2. Let w be 8/z - (5 - 50). Suppose -3*f + 4*q + w = -q, f = -4*q + 5. What is the remainder when 49 is divided by f?
10
Let c = 607 - 566. What is the remainder when c is divided by 16?
9
Calculate the remainder when (-321)/2*(-8)/12 is divided by 55.
52
Let d(c) = c**3 + 3*c**2 - 3*c - 1. Let y be d(-3). Let b be 2*2/(y/10). Suppose b = k + 3. Calculate the remainder when k is divided by 2.
0
Suppose -293 = -3*i - y, -5*y + 357 + 52 = 4*i. Let c be (40/(-16))/(1/(-2)). Suppose c*v = 178 - 13. What is the remainder when i is divided by v?
30
Suppose 0 = 4*d + 5*h - 19, 5*d + h - 45 = 5. Calculate the remainder when 59 is divided by d.
4
Suppose 0 = -4*j - 3*p + 589, -5*p + 428 = -2*j + 5*j. Calculate the remainder when j is divided by 24.
7
Suppose -4*s + 97 = -3. What is the remainder when 721 is divided by s?
21
Let l be 24/4 + (-18)/6. Suppose -l*r + 2*g + 41 = 0, 3*r - 5*r - 5*g + 40 = 0. Calculate the remainder when 74 is divided by r.
14
Suppose -c = -4, c + c = 5*s - 337. What is the remainder when s is divided by 18?
15
Let v be 2 - (0 - (2 + -5)). Let y = v + 12. What is the remainder when 20 - (21/(-42) + (-1)/2) is divided by y?
10
Suppose -l = -3*l - 32. Let m(x) = x**3 + 16*x**2 - 2*x - 11. What is the remainder when 59 is divided by m(l)?
17
Suppose 30*l - 562 = 218. Calculate the remainder when 181 is divided by l.
25
Let n(b) = -b**2 - 15*b + 1. Suppose -r = 2*y - 4, -2*r + 6*r = 4*y - 8. Suppose 64 = -y*t + 222. Calculate the remainder when t is divided by n(-13).
25
Let o(k) = 4*k + 4. Let s(m) = -m**2 + 13*m + 16. Let n be s(14). What is the remainder when 22 - -4*1/(-4) is divided by o(n)?
9
Let c be 2 + (1 + 1 - 0). Suppose 3 = c*f - 9. What is the remainder when 32/6 - (120/18)/(-10) is divided by f?
0
Let k = 58 + 51. Calculate the remainder when k is divided by 57.
52
Let l = -17 - -21. Calculate the remainder when 1089/9 + (2 - l) is divided by 30.
29
Let q = -2176 + 2306. What is the remainder when q is divided by 23?
15
Suppose -7161 = -6*c - 27*c. What is the remainder when c is divided by 4?
1
Let s = -743 - -780. What is the remainder when 217 is divided by s?
32
Let n(a) = 2*a**2 + 38*a + 22. What is the remainder when 63 is divided by n(-19)?
19
Suppose 42*j = 37*j + 275. What is the remainder when j is divided by 22?
11
Calculate the remainder when 78 is divided by (-87)/(-2)*(-2)/(-3).
20
Calculate the remainder when 224 is divided by (2 + 28/(-24))/(1/30).
24
Let k = -2984 - -2986. Let s be -9*(-2 + 1) + 1. Suppose -7*x + 2*x + s = 0. What is the remainder when x is divided by k?
0
Let a = 32 - 25. Suppose -12*y + a*y = -115. Calculate the remainder when y is divided by 10.
3
Let w = -167 - -173. What is the remainder when w/((-3 - 2)/(-40)) is divided by 20?
8
Suppose 5*u - 10*u + 5*v + 385 = 0, 0 = -u - 5*v + 77. Suppose -2*x + 48 = 2*c + 2*x, c - x - 27 = 0. Calculate the remainder when u is divided by c.
25
Let q(l) = l**2 - l - 65. Calculate the remainder when q(10) is divided by 12.
1
Let b be (-6)/(-9) - (-32)/6. Suppose 0 = -5*u - 2*v + 6*v + 20, -2*u - 5*v + 41 = 0. What is the remainder when u is divided by (-26)/(-8) + b/(-24)?
2
Suppose -9*k + 21*k = -12. Suppose 3*a - a = l + 20, 5*a - 50 = -5*l. Calculate the remainder when (40/(-3))/k*(-258)/(-215) is divided by a.
6
Suppose -2*t + l = -40, -2*t = -6*t - 2*l + 80. Suppose -5*s = -m - t, -2*m = 3*s - 0*m - 12. Calculate the remainder when 13 is divided by s.
1
Let y = -356 - -405. What is the remainder when 185 is divided by y?
38
Let o = 184 + -162. Calculate the remainder when 122 is divided by o.
12
Let o(v) = -v**3 + 5*v**2 - 23*v + 74. Let s be o(3). Let p = 7 + -3. What is the remainder when 18 is divided by s/p - 45/60?
3
Suppose -8*w + 1428 = -5*w. Calculate the remainder when w is divided by 9.
8
Let h(w) = -w**3 - 10*w**2 - 16*w - 10. Let u be h(-5). Let q = -32 - u. Calculate the remainder when 4/(-6) + 538/6 is divided by q.
20
Let t(o) = -2*o**3 - 29*o**2 + 18*o + 67. Let z = 2 + 29. What is the remainder when z is divided by t(-15)?
9
Let f = 27 + -23. Let l(p) = -p**2 + 15*p - 40. What is the remainder when 8 is divided by l(f)?
0
What is the remainder when 7800/132 - 3/33 is divided by 8/2